1?
31
Calculate the highest common divisor of 38 and 19.
19
What is the greatest common divisor of 289 and 17?
17
Calculate the greatest common divisor of 23 and 12765.
23
What is the greatest common factor of 36 and 450?
18
Calculate the greatest common factor of 16 and 6.
2
What is the highest common factor of 170 and 210?
10
What is the highest common factor of 95 and 5?
5
What is the highest common factor of 406 and 261?
29
Calculate the highest common factor of 1480 and 555.
185
What is the greatest common factor of 80 and 336?
16
Calculate the highest common divisor of 114 and 152.
38
Calculate the highest common divisor of 22 and 6204.
22
What is the greatest common factor of 10615 and 660?
55
Calculate the greatest common divisor of 99 and 121.
11
Calculate the greatest common divisor of 735 and 45.
15
What is the highest common divisor of 20831 and 148?
37
Calculate the greatest common divisor of 432 and 1404.
108
Calculate the greatest common factor of 4953 and 78.
39
What is the highest common factor of 97 and 17363?
97
Calculate the highest common divisor of 38 and 1938.
38
What is the greatest common divisor of 3256 and 111?
37
What is the highest common divisor of 8640 and 12?
12
What is the highest common divisor of 290 and 50?
10
Calculate the highest common factor of 301 and 7.
7
Calculate the highest common factor of 11934 and 459.
459
What is the highest common factor of 3 and 3891?
3
Calculate the greatest common factor of 427 and 1037.
61
Calculate the highest common divisor of 6 and 678.
6
Calculate the highest common factor of 108 and 2196.
36
What is the greatest common factor of 854 and 3050?
122
Calculate the greatest common divisor of 16 and 32.
16
Calculate the highest common divisor of 378 and 1026.
54
What is the highest common divisor of 140 and 16660?
140
What is the greatest common divisor of 8 and 3208?
8
What is the greatest common factor of 464 and 32?
16
What is the greatest common factor of 42 and 6?
6
What is the greatest common divisor of 126 and 2664?
18
What is the highest common divisor of 25 and 3800?
25
Calculate the greatest common factor of 536 and 16.
8
Calculate the greatest common factor of 1950 and 450.
150
Calculate the highest common factor of 4553 and 29.
29
What is the greatest common divisor of 140 and 21?
7
What is the highest common divisor of 112 and 42?
14
Calculate the greatest common divisor of 42 and 237.
3
What is the highest common divisor of 19 and 931?
19
What is the highest common divisor of 27000 and 160?
40
Calculate the highest common factor of 159 and 18.
3
What is the highest common factor of 669 and 5129?
223
Calculate the greatest common divisor of 55 and 121.
11
What is the highest common divisor of 408 and 12?
12
Calculate the greatest common factor of 10 and 130.
10
Calculate the highest common divisor of 35 and 70.
35
What is the highest common divisor of 18 and 54?
18
Calculate the greatest common factor of 2708 and 8.
4
Calculate the highest common factor of 393 and 655.
131
Calculate the greatest common factor of 12 and 294.
6
Calculate the greatest common divisor of 135 and 105.
15
Calculate the highest common divisor of 21 and 174.
3
Calculate the highest common factor of 4532 and 220.
44
What is the greatest common factor of 98 and 280?
14
Calculate the greatest common factor of 68 and 442.
34
Calculate the greatest common divisor of 532 and 380.
76
What is the greatest common factor of 7 and 95844?
7
What is the greatest common divisor of 15480 and 360?
360
What is the greatest common factor of 76 and 20?
4
Calculate the greatest common factor of 27911 and 247.
247
What is the greatest common factor of 2258 and 16?
2
What is the greatest common factor of 24 and 270?
6
Calculate the greatest common factor of 160 and 7430.
10
Calculate the highest common factor of 33 and 429.
33
What is the highest common divisor of 56 and 32?
8
Calculate the greatest common factor of 6384 and 147.
21
What is the highest common factor of 180 and 612?
36
Calculate the highest common factor of 432 and 24408.
216
Calculate the greatest common divisor of 216 and 81.
27
Calculate the highest common divisor of 87 and 7.
1
Calculate the highest common factor of 938 and 1148.
14
What is the highest common divisor of 3 and 5?
1
What is the highest common factor of 225 and 9?
9
What is the greatest common divisor of 370 and 10?
10
Calculate the greatest common divisor of 906 and 6.
6
Calculate the greatest common factor of 965 and 20.
5
Calculate the highest common factor of 135 and 30.
15
Calculate the greatest common divisor of 8021 and 26.
13
Calculate the greatest common factor of 18 and 3258.
18
Calculate the greatest common divisor of 108 and 1908.
36
Calculate the greatest common divisor of 385 and 22.
11
What is the highest common factor of 17 and 391?
17
What is the greatest common divisor of 42856 and 8?
8
What is the greatest common divisor of 46 and 322?
46
What is the greatest common factor of 6244 and 28?
28
What is the greatest common factor of 4610 and 20?
10
What is the greatest common factor of 209 and 95?
19
Calculate the highest common divisor of 89 and 1.
1
What is the greatest common divisor of 4096 and 96?
32
What is the greatest common divisor of 1914 and 330?
66
Calculate the greatest common factor of 59 and 1711.
59
Calculate the greatest common divisor of 21 and 987.
21
Calculate the highest common divisor of 3 and 75.
3
What is the greatest common factor of 256 and 4544?
64
Calculate the highest common divisor of 21 and 357.
21
What is the highest common factor of 372 and 620?
124
What is the greatest common factor of 460 and 138?
46
Calculate the greatest common divisor of 194 and 14356.
194
Calculate the highest common divisor of 3800 and 1330.
190
Calculate the highest common factor of 5260 and 10.
10
Calculate the highest common divisor of 88 and 224.
8
Calculate the highest common factor of 1065 and 120.
15
Calculate the highest common factor of 72 and 486.
18
What is the highest common divisor of 36016 and 32?
16
Calculate the highest common factor of 116 and 522.
58
What is the highest common divisor of 506 and 176?
22
Calculate the highest common factor of 398 and 24477.
199
Calculate the greatest common divisor of 16 and 328.
8
What is the greatest common divisor of 78 and 4602?
78
Calculate the greatest common factor of 7 and 3.
1
Calculate the greatest common divisor of 156 and 416.
52
Calculate the highest common divisor of 144 and 108.
36
Calculate the greatest common factor of 736 and 16.
16
What is the greatest common factor of 72 and 144?
72
What is the greatest common factor of 4063 and 51?
17
What is the highest common divisor of 697 and 17?
17
Calculate the highest common divisor of 100 and 970.
10
What is the greatest common divisor of 8 and 8?
8
Calculate the greatest common divisor of 4690 and 42.
14
What is the highest common factor of 192 and 12?
12
Calculate the highest common factor of 128 and 112.
16
Calculate the highest common factor of 772 and 28.
4
What is the greatest common factor of 490 and 20?
10
Calculate the highest common divisor of 572 and 88.
44
What is the greatest common factor of 30597 and 62?
31
Calculate the highest common divisor of 455 and 115.
5
What is the highest common divisor of 217 and 7?
7
What is the highest common divisor of 12460 and 140?
140
What is the greatest common factor of 500 and 350?
50
Calculate the greatest common factor of 48 and 96.
48
What is the greatest common divisor of 40618 and 46?
46
What is the highest common factor of 364 and 14?
14
What is the greatest common divisor of 406 and 14?
14
Calculate the greatest common factor of 1125 and 9.
9
What is the highest common divisor of 198 and 18?
18
What is the highest common factor of 62 and 1674?
62
What is the highest common factor of 205 and 20?
5
Calculate the greatest common divisor of 396 and 44.
44
What is the greatest common divisor of 110 and 11?
11
What is the greatest common factor of 2 and 872?
2
Calculate the greatest common divisor of 10058 and 214.
214
Calculate the highest common divisor of 105 and 6580.
35
What is the highest common divisor of 1 and 279?
1
What is the greatest common factor of 92 and 2070?
46
What is t